{"id":704,"date":"2025-05-12T17:24:39","date_gmt":"2025-05-12T20:24:39","guid":{"rendered":"https:\/\/cafe.actmobmarketingdigital.com.br\/?post_type=product&#038;p=704"},"modified":"2025-05-13T14:05:18","modified_gmt":"2025-05-13T17:05:18","slug":"1-pct-cafe-lorenco-em-po-250-gramas","status":"publish","type":"product","link":"https:\/\/cafelourenco.com.br\/produto\/1-pct-cafe-lorenco-em-po-250-gramas\/","title":{"rendered":"1 PCT CAF\u00c9 LOREN\u00c7O EM P\u00d3 250 GRAMAS"},"content":{"rendered":"","protected":false},"excerpt":{"rendered":"","protected":false},"featured_media":684,"template":"","meta":{"_acf_changed":false,"inline_featured_image":false},"product_brand":[],"product_cat":[17,44],"product_tag":[],"class_list":{"0":"post-704","1":"product","2":"type-product","3":"status-publish","4":"has-post-thumbnail","6":"product_cat-produtos","7":"product_cat-cafes","9":"first","10":"instock","11":"taxable","12":"shipping-taxable","13":"purchasable","14":"product-type-simple"},"acf":[],"_links":{"self":[{"href":"https:\/\/cafelourenco.com.br\/act-json\/wp\/v2\/product\/704","targetHints":{"allow":["GET"]}}],"collection":[{"href":"https:\/\/cafelourenco.com.br\/act-json\/wp\/v2\/product"}],"about":[{"href":"https:\/\/cafelourenco.com.br\/act-json\/wp\/v2\/types\/product"}],"wp:featuredmedia":[{"embeddable":true,"href":"https:\/\/cafelourenco.com.br\/act-json\/wp\/v2\/media\/684"}],"wp:attachment":[{"href":"https:\/\/cafelourenco.com.br\/act-json\/wp\/v2\/media?parent=704"}],"wp:term":[{"taxonomy":"product_brand","embeddable":true,"href":"https:\/\/cafelourenco.com.br\/act-json\/wp\/v2\/product_brand?post=704"},{"taxonomy":"product_cat","embeddable":true,"href":"https:\/\/cafelourenco.com.br\/act-json\/wp\/v2\/product_cat?post=704"},{"taxonomy":"product_tag","embeddable":true,"href":"https:\/\/cafelourenco.com.br\/act-json\/wp\/v2\/product_tag?post=704"}],"curies":[{"name":"wp","href":"https:\/\/api.w.org\/{rel}","templated":true}]}}

1 PCT CAFÉ LORENÇO EM PÓ 250 GRAMAS
